ime factors of 7882?
2, 7, 563
List the prime factors of 468.
2, 3, 13
What are the prime factors of 9189?
3, 1021
What are the prime factors of 3540?
2, 3, 5, 59
List the prime factors of 78223.
19, 23, 179
List the prime factors of 28734.
2, 3, 4789
What are the prime factors of 2899?
13, 223
What are the prime factors of 5727?
3, 23, 83
List the prime factors of 2897.
2897
What are the prime factors of 11559?
3, 3853
What are the prime factors of 645?
3, 5, 43
What are the prime factors of 1421?
7, 29
List the prime factors of 752.
2, 47
List the prime factors of 18312.
2, 3, 7, 109
List the prime factors of 112320.
2, 3, 5, 13
What are the prime factors of 2916?
2, 3
List the prime factors of 117163.
117163
What are the prime factors of 79560?
2, 3, 5, 13, 17
What are the prime factors of 1311?
3, 19, 23
What are the prime factors of 896?
2, 7
List the prime factors of 514.
2, 257
List the prime factors of 33806.
2, 16903
List the prime factors of 13199.
67, 197
List the prime factors of 1044.
2, 3, 29
What are the prime factors of 40348?
2, 7, 11, 131
List the prime factors of 642.
2, 3, 107
What are the prime factors of 45879?
3, 41, 373
What are the prime factors of 49243?
23, 2141
What are the prime factors of 605?
5, 11
What are the prime factors of 1109?
1109
What are the prime factors of 2680?
2, 5, 67
What are the prime factors of 446?
2, 223
What are the prime factors of 1058?
2, 23
List the prime factors of 18171.
3, 673
What are the prime factors of 18948?
2, 3, 1579
What are the prime factors of 1220?
2, 5, 61
List the prime factors of 60982.
2, 30491
What are the prime factors of 1119?
3, 373
What are the prime factors of 82445?
5, 11, 1499
List the prime factors of 57936.
2, 3, 17, 71
What are the prime factors of 32911?
32911
List the prime factors of 979.
11, 89
List the prime factors of 13424.
2, 839
List the prime factors of 16632.
2, 3, 7, 11
What are the prime factors of 2318?
2, 19, 61
List the prime factors of 19911.
3, 6637
What are the prime factors of 11319?
3, 7, 11
List the prime factors of 2136.
2, 3, 89
List the prime factors of 16876.
2, 4219
List the prime factors of 41773.
37, 1129
What are the prime factors of 17763?
3, 31, 191
What are the prime factors of 29580?
2, 3, 5, 17, 29
What are the prime factors of 689?
13, 53
What are the prime factors of 2429?
7, 347
What are the prime factors of 2304?
2, 3
List the prime factors of 31659.
3, 61, 173
List the prime factors of 1623.
3, 541
What are the prime factors of 3895?
5, 19, 41
List the prime factors of 1363.
29, 47
What are the prime factors of 51768?
2, 3, 719
What are the prime factors of 154922?
2, 71, 1091
What are the prime factors of 2695?
5, 7, 11
What are the prime factors of 3856?
2, 241
List the prime factors of 4474.
2, 2237
What are the prime factors of 19141?
19141
List the prime factors of 1494.
2, 3, 83
List the prime factors of 2066.
2, 1033
What are the prime factors of 24002?
2, 11, 1091
What are the prime factors of 3591?
3, 7, 19
What are the prime factors of 6447?
3, 7, 307
What are the prime factors of 17830?
2, 5, 1783
List the prime factors of 27874.
2, 7, 11, 181
List the prime factors of 4832.
2, 151
What are the prime factors of 1130?
2, 5, 113
What are the prime factors of 13276?
2, 3319
List the prime factors of 1190.
2, 5, 7, 17
What are the prime factors of 1300?
2, 5, 13
List the prime factors of 34414.
2, 17207
What are the prime factors of 32946?
2, 3, 17, 19
What are the prime factors of 10390?
2, 5, 1039
What are the prime factors of 170627?
170627
List the prime factors of 755.
5, 151
What are the prime factors of 6055?
5, 7, 173
List the prime factors of 78040.
2, 5, 1951
What are the prime factors of 179735?
5, 103, 349
List the prime factors of 17473.
101, 173
List the prime factors of 14751.
3, 11, 149
List the prime factors of 2436.
2, 3, 7, 29
List the prime factors of 49.
7
List the prime factors of 70354.
2, 29, 1213
List the prime factors of 11064.
2, 3, 461
What are the prime factors of 49045?
5, 17, 577
What are the prime factors of 7367?
53, 139
List the prime factors of 61460.
2, 5, 7, 439
List the prime factors of 7342.
2, 3671
List the prime factors of 21245.
5, 7, 607
What are the prime factors of 486?
2, 3
List the prime factors of 1649.
17, 97
What are the prime factors of 38160?
2, 3, 5, 53
What are the prime factors of 4231?
4231
List the prime factors of 91452.
2, 3, 7621
What are the prime factors of 3015?
3, 5, 67
List the prime factors of 33279.
3, 11093
List the prime factors of 883.
883
List the prime factors of 3984.
2, 3, 83
List the prime factors of 11676.
2, 3, 7, 139
What are the prime factors of 51523?
67, 769
What are the prime factors of 8800?
2, 5, 11
List the prime factors of 13495.
5, 2699
What are the prime factors of 505?
5, 101
What are the prime factors of 30822?
2, 3, 11, 467
What are the prime factors of 143377?
13, 41, 269
What are the prime factors of 3843?
3, 7, 61
List the prime factors of 29672.
2, 3709
List the prime factors of 6368.
2, 199
What are the prime factors of 4694?
2, 2347
List the prime factors of 7661.
47, 163
List the prime factors of 3757.
13, 17
What are the prime factors of 3196?
2, 17, 47
What are the prime factors of 13096?
2, 1637
What are the prime factors of 85858?
2, 42929
What are the prime factors of 8816?
2, 19, 29
What are the prime factors of 32837?
7, 4691
List the prime factors of 77.
7, 11
What are the prime factors of 197933?
197933
What are the prime factors of 15263?
15263
What are the prime factors of 655?
5, 131
What are the prime factors of 7268?
2, 23, 79
What are the prime factors of 6029?
6029
List the prime factors of 14701.
61, 241
What are the prime factors of 5196?
2, 3, 433
List the prime factors of 5457.
3, 17, 107
List the prime factors of 38227.
7, 43, 127
List the prime factors of 6778.
2, 3389
What are the prime factors of 14841?
3, 17, 97
List the prime factors of 962.
2, 13, 37
List the prime factors of 2788.
2, 17, 41
What are the prime factors of 18269?
18269
What are the prime factors of 11931?
3, 41, 97
List the prime factors of 3425.
5, 137
What are the prime factors of 2265?
3, 5, 151
What are the prime factors of 2502?
2, 3, 139
List the prime factors of 111718.
2, 83, 673
List the prime factors of 1873.
1873
List the prime factors of 71216.
2, 4451
What are the prime factors of 15234?
2, 3, 2539
What are the prime factors of 3950?
2, 5, 79
List the prime factors of 1029.
3, 7
What are the prime factors of 58094?
2, 31, 937
List the prime factors of 16912.
2, 7, 151
What are the prime factors of 16609?
17, 977
What are the prime factors of 13765?
5, 2753
List the prime factors of 1073.
29, 37
List the prime factors of 6343.
6343
List the prime factors of 60938.
2, 30469
What are the prime factors of 1716?
2, 3, 11, 13
List the prime factors of 16486.
2, 8243
List the prime factors of 4670.
2, 5, 467
What are the prime factors of 2442?
2, 3, 11, 37
List the prime factors of 2780.
2, 5, 139
What are the prime factors of 16172?
2, 13, 311
List the prime factors of 53442.
2, 3, 2969
List the prime factors of 4160.
2, 5, 13
List the prime factors of 4806.
2, 3, 89
List the prime factors of 47764.
2, 11941
What are the prime factors of 33445?
5, 6689
List the prime factors of 7071.
3, 2357
What are the prime factors of 356?
2, 89
What are the prime factors of 1342?
2, 11, 61
List the prime factors of 3133.
13, 241
What are the prime factors of 731?
17, 43
List the prime factors of 115880.
2, 5, 2897
What are the prime factors of 1000?
2, 5
What are the prime factors of 1925?
5, 7, 11
List the prime factors of 2607.
3, 11, 79
What are the prime factors of 1142?
2, 571
What are the prime factors of 7318?
2, 3659
List the prime factors of 1670.
2, 5, 167
List the prime factors of 4520.
2, 5, 113
What are the prime factors of 5540?
2, 5, 277
What are the prime factors of 1763?
41, 43
List the prime factors of 2929.
29, 101
What are the prime factors of 355?
5, 71
List the prime factors of 619.
619
List the prime factors of 18492.
2, 3, 23, 67
List the prime factors of 8271.
3, 919
What are the prime factors of 2234?
2, 1117
List the prime factors of 2936.
2, 367
List the prime factors of 834.
2, 3, 139
List the prime